vide 71652?
True
Is 8 a factor of 272?
True
Does 31 divide 124?
True
Is 1116 a multiple of 5?
False
Does 18 divide 324?
True
Does 155 divide 3343?
False
Does 17 divide 3111?
True
Is 835 a multiple of 59?
False
Is 57 even?
False
Does 5 divide 1979?
False
Is 661 a multiple of 2?
False
Is 27 a factor of 711?
False
Is 3306 a multiple of 6?
True
Is 75 a factor of 3375?
True
Does 100 divide 2854?
False
Is 5919 a multiple of 73?
False
Does 15 divide 39495?
True
Is 48519 a multiple of 16?
False
Does 182 divide 50492?
False
Is 90 a multiple of 10?
True
Is 22540 a multiple of 23?
True
Is 18463 a multiple of 12?
False
Does 8 divide 5556?
False
Does 122 divide 142707?
False
Is 1684 a multiple of 56?
False
Does 75 divide 1959?
False
Does 3 divide 511?
False
Is 437 a multiple of 15?
False
Is 2175 a multiple of 25?
True
Is 26 a factor of 3302?
True
Is 12965 a multiple of 46?
False
Is 4308 a multiple of 22?
False
Is 3 a factor of 240?
True
Is 92 a factor of 368?
True
Is 308 a multiple of 7?
True
Does 120 divide 8420?
False
Does 32 divide 139972?
False
Is 29 a factor of 18968?
False
Does 55 divide 385?
True
Does 90 divide 1530?
True
Is 1050 a multiple of 50?
True
Does 19 divide 171?
True
Is 64 a multiple of 4?
True
Does 17 divide 1324?
False
Is 23 a factor of 11109?
True
Is 206 a factor of 14832?
True
Does 3 divide 30356?
False
Is 20 a factor of 32859?
False
Is 25 a factor of 2525?
True
Is 1068 a multiple of 27?
False
Is 1440 a multiple of 20?
True
Is 48 a multiple of 7?
False
Is 4 a factor of 700?
True
Is 170 a factor of 128453?
False
Is 23 a factor of 2070?
True
Is 16 a factor of 339?
False
Is 67 a factor of 16119?
False
Does 14 divide 31122?
True
Is 5866 a multiple of 18?
False
Does 18 divide 285?
False
Is 25920 a multiple of 40?
True
Is 20654 a multiple of 14?
False
Is 5250 a multiple of 10?
True
Does 51 divide 765?
True
Is 620 a multiple of 10?
True
Is 21 a factor of 1008?
True
Is 27097 a multiple of 78?
False
Is 56 a factor of 1963?
False
Is 71414 a multiple of 30?
False
Is 7674 a multiple of 5?
False
Is 83273 a multiple of 20?
False
Is 3380 a multiple of 130?
True
Is 129 a factor of 12255?
True
Is 13 a factor of 619?
False
Is 97431 a multiple of 47?
True
Is 9 a factor of 2062?
False
Is 5160 a multiple of 60?
True
Is 3 a factor of 21?
True
Does 10 divide 714?
False
Is 65 a factor of 260?
True
Is 5 a factor of 1335?
True
Is 5399 a multiple of 13?
False
Is 16 a factor of 864?
True
Does 17 divide 6222?
True
Is 6795 a multiple of 75?
False
Is 1376 a multiple of 86?
True
Is 12464 a multiple of 152?
True
Is 26 a multiple of 13?
True
Is 23 a factor of 27048?
True
Does 31 divide 217?
True
Is 37 a factor of 12852?
False
Is 19 a factor of 30?
False
Is 386 a multiple of 37?
False
Does 6 divide 1600?
False
Is 10 a factor of 2050?
True
Is 14537 a multiple of 29?
False
Is 59 a factor of 20801?
False
Is 94160 a multiple of 107?
True
Is 37044 a multiple of 36?
True
Is 7 a factor of 2400?
False
Is 24 a multiple of 6?
True
Is 68 a factor of 89833?
False
Is 18 a factor of 62370?
True
Does 43 divide 666?
False
Is 7 a factor of 3494?
False
Does 95 divide 1710?
True
Is 6379 a multiple of 90?
False
Is 628 a multiple of 35?
False
Is 275 a multiple of 11?
True
Does 41 divide 4838?
True
Does 32 divide 832?
True
Does 178 divide 6408?
True
Is 6657 a multiple of 108?
False
Is 5612 a multiple of 33?
False
Is 188 a multiple of 25?
False
Is 5 a factor of 7809?
False
Is 169 a factor of 3868?
False
Is 20 a factor of 51204?
False
Is 161 a factor of 11109?
True
Is 48369 a multiple of 6?
False
Is 55539 a multiple of 111?
False
Is 72865 a multiple of 9?
False
Does 54 divide 136?
False
Is 73829 a multiple of 131?
False
Does 17 divide 915?
False
Is 475 a multiple of 25?
True
Does 21 divide 389?
False
Is 9 a factor of 1719?
True
Is 163 a multiple of 38?
False
Does 8 divide 354?
False
Does 70 divide 2280?
False
Is 982 a multiple of 38?
False
Does 7 divide 385?
True
Is 4773 a multiple of 22?
False
Is 1296 a multiple of 18?
True
Is 46 a factor of 2852?
True
Does 7 divide 1764?
True
Does 7 divide 154?
True
Is 8888 a multiple of 44?
True
Does 10 divide 1102?
False
Is 7 a factor of 707?
True
Does 14 divide 7322?
True
Is 87 a factor of 4176?
True
Is 5 a factor of 3772?
False
Is 33 a factor of 2671?
False
Is 17 a factor of 6596?
True
Does 35 divide 3443?
False
Does 17 divide 2312?
True
Is 13 a factor of 413?
False
Is 21321 a multiple of 103?
True
Is 63 a factor of 630?
True
Is 47 a factor of 5055?
False
Does 22 divide 1272?
False
Is 41 a multiple of 8?
False
Does 6 divide 378?
True
Does 38 divide 42902?
True
Does 37 divide 8764?
False
Is 15 a factor of 6315?
True
Is 5311 a multiple of 11?
False
Does 21 divide 291?
False
Is 570 a multiple of 6?
True
Is 74233 a multiple of 89?
False
Is 3 a factor of 1160?
False
Is 14145 a multiple of 67?
False
Is 8 a factor of 2808?
True
Is 9 a factor of 11286?
True
Is 33 a factor of 308?
False
Is 2557 a multiple of 32?
False
Is 550 a multiple of 25?
True
Does 16 divide 564?
False
Does 102 divide 858?
False
Does 15 divide 3750?
True
Is 7 a factor of 6711?
False
Does 8 divide 29?
False
Is 1311 a multiple of 69?
True
Is 24220 a multiple of 70?
True
Is 702 a multiple of 9?
True
Is 120 a multiple of 20?
True
Does 10 divide 190?
True
Does 142 divide 1136?
True
Is 88 a factor of 2318?
False
Is 99 a factor of 2970?
True
Is 236 a factor of 47460?
False
Is 67 a factor of 3283?
True
Is 9474 a multiple of 3?
True
Does 209 divide 15915?
False
Is 12 a factor of 19906?
False
Does 2 divide 343?
False
Does 15 divide 1145?
False
Is 621 a multiple of 9?
True
Is 28368 a multiple of 8?
True
Does 92 divide 33028?
True
Is 112723 a multiple of 29?
True
Is 2905 a multiple of 17?
False
Is 12 a factor of 12238?
False
Is 814 a multiple of 2?
True
Is 159 a multiple of 19?
False
Is 7 a factor of 2639?
True
Does 5 divide 679?
False
Does 4 divide 1768?
True
Does 51 divide 33407?
False
Is 2652 a multiple of 4?
True
Is 58396 a multiple of 113?
False
Is 331 a factor of 15888?
True
Is 7 a factor of 10107?
False
Is 2212 a multiple of 8?
False
Does 2 divide 16?
True
Is 5796 a multiple of 42?
True
Does 96 divide 1248?
True
Does 51 divide 4947?
True
Is 12993 a multiple of 71?
True
Is 50 a factor of 150?
True
Is 1650 a multiple of 10?
True
Is 5 a factor of 6601?
False
Is 16 a factor of 8198?
False
Does 7 divide 2970?
False
Is 32 a factor of 11808?
True
Is 416 a multiple of 3?
False
Is 2 a factor of 1242?
True
Is 684 a multiple of 12?
True
Is 98384 a multiple of 86?
True
Does 15 divide 21885?
True
Is 730 a multiple of 10?
True
Does 5 divide 4005?
True
Is 5 a factor of 1045?
True
Does 6 divide 276?
True
Is 505 a multiple of 9?
False
Is 61 a factor of 3416?
True
Does 5 divide 5105?
True
Is 9 a factor of 208?
False
Is 65 a factor of 15677?
False
Is 19 a factor of 17472?
False
Does 22 divide 3894?
True
Does 5 divide 134?
False
Is 65 a factor of 3149?
False
Is 47 a factor of 611?
True
Does 5 divide 4510?
True
Is 1552 a multiple of 8?
True
Is 6 a factor of 816?
True
Does 27 divide 30938?
False
Is 2 a factor of 1930?
True
Does 19 divide 1444?
True
Is 54 a factor of 9192?
False
Does 20 divide 11200?
True
Is 47355 a multiple of 123?
True
Does 77 divide 1322?
False
Is 10937 a multiple of 58?
False
Is 51370 a multiple of 11?
True
Is 4 a factor of 328?
True
Is 21 a factor of 12017?
False
Does 38 divide 15730?
False
Is 49 a factor of 1421?
True
Is 63 a factor of 504?
True
Is 155 a factor of 2645?
False
Is 4 a factor of 783?
False
Does 27 divide 1773?
False
Is 36585 a multiple of 163?
False
Is 34 a factor of 5401?
False
Does 8 divide 32056?
True
Is 15 a factor of 60?
True
Is 8227 a multiple of 45?
False
Is 54 a multiple of 6?
True
Does 12 divide 25097?
False
Is 20 a factor of 697?
False
Does 8 divide 40312?
True
Is 11060 a multiple of 4?
True
Is 1980 a multiple of 18?
True
Is 13 a factor of 4848?
False
Does 13 divide 1677?
True
Does 12 divide 1299?
False
Is 26 a factor of 46046?
True
Does 58 divide 3434?
False
Is 9 a factor of 137?
False
Is 22 a factor of 2750?
True
Does 54 divide 19872?
True
Is 7 a factor of 710?
False
Is 110 a multiple of 14?
False
Does 6 divide 312?
True
Does 43 divide 946?
True
Is 40 a factor of 4339?
False
Is 122 a factor of 81252?
True
Does 7 divide 15261?
False
Is 55 a factor of 23060?
False
Does